0. Let z be r(7). Let t = 8 + z. Let n(l) = 5*l - 6. What is n(t)?
19
Let q be 6 + -7 - 2 - -1*8. Let d(y) = 2*y - 1. Determine d(q).
9
Suppose -21*y + 22*y - 4 = 0. Suppose -4*a = 4*j - 4, 4*a = y*j + 22 - 2. Let m(n) = -2*n**2 - 2*n - 3. Determine m(j).
-7
Let v(f) be the second derivative of -f**6/360 - f**5/24 + f**4/3 + 7*f**3/3 - 9*f. Let z(b) be the second derivative of v(b). Give z(-6).
2
Let f(l) = l**2 - 10*l + 4. Let v(d) = 5*d**2 + 5*d - 2. Let g be v(1). Calculate f(g).
-12
Let o(j) = -3*j - 2. Suppose y - 3*y = -10. Suppose -y*x + 4*x = 0. Let i be 1/(2/(-8) + x). What is o(i)?
10
Let a = 4 + 4. Suppose -5*c - 2*l = 2*l + 24, 5*l + 12 = -4*c. Let k be (2/2)/(a/c). Let r(o) = 7*o**3 + o. Calculate r(k).
-8
Let h(c) = -21*c**2 + 46*c + 9. Let w(o) = 4*o**2 - 9*o - 2. Let d(x) = 2*h(x) + 11*w(x). Determine d(4).
0
Let k = -10 + 9. Let p(f) = f + 3. Let w be p(k). Let o = 6 - w. Let l(n) = n**3 - 6*n**2 + 7*n - 6. Give l(o).
-10
Let n be (-22)/(-5)*6/(-24)*-10. Let s(d) = d**2 - 13*d + 10. Calculate s(n).
-12
Let f(q) = q + 0*q - 3539 + 3551. Give f(10).
22
Let t(u) = 16*u + 1. Let f(q) = 4*q**3 + 8*q**2 + q - 2. Let v be f(-1). What is t(v)?
17
Suppose -x - x + 10 = 0. Suppose -2*l = -5*p + 13, 0*l + x*l = 5. Let o(g) = 0 + p*g - 9*g + 0. What is o(-1)?
6
Suppose -6*v + 18 = -72. Suppose -10*x + v*x = -15. Let c(b) = 2*b - 4. Give c(x).
-10
Let r(g) be the first derivative of g**2 - g - 98. What is r(-2)?
-5
Suppose -52*w + 18 = -55*w. Let x(q) = q**2 + 6*q - 4. Calculate x(w).
-4
Let b(x) = -2*x - 9. Let q be b(-9). Suppose q + 0 = 3*n. Let g(c) = c - 2 - 15*c**3 + 14*c**3 + n. Calculate g(-2).
7
Let x(m) = 9 + 9*m**2 - m**2 + 19*m**2 - 28*m**2 + m - 2*m. Determine x(0).
9
Let c(i) = -i**3 - 7*i**2 - i - 4. Let t be c(-7). Let j(o) be the second derivative of -o**5/20 + o**4/6 + o**3/6 - 3*o**2/2 + 218*o. What is j(t)?
-9
Let o(p) be the first derivative of -p**2 + 2*p - 6. Let s be (-13)/(-4) - (-1)/(-4). Calculate o(s).
-4
Let m(c) be the third derivative of -c**7/840 + c**6/72 - c**5/120 + c**4/6 - 4*c**3/3 + 8*c**2. Let l(q) be the first derivative of m(q). What is l(5)?
-1
Let m = 38 + -36. Let q be m - (4 + (5 - 7)). Let o(t) = -t**3 - t**2 - 21. Give o(q).
-21
Let l(t) = -t**3 + 6*t**2 - 10*t + 25. Let b be l(5). Let c(p) be the second derivative of -1/6*p**3 - 7*p - p**2 + b. Calculate c(-4).
2
Let j = -82 + 78. Let p(a) = 2*a + 8 - 8 + a**3 + 4*a**2. Calculate p(j).
-8
Let p(i) = i**2 - 3*i + 3. Suppose -220 = -18*g - 26*g. Calculate p(g).
13
Suppose 3*k = -4*g - 11, 2*g + g + 24 = 3*k. Let h(j) = 3*j - k*j**2 - 4*j**2 + j**3 - 2 + 0*j**3 + 3*j**2. What is h(3)?
-2
Let y(p) = 5 - 3*p + 15 - 28 + 6. What is y(3)?
-11
Let o(w) = 13 - 27*w - 4*w**2 + 23*w - 60. Let a(s) = s**2 + s + 16. Let i(m) = -7*a(m) - 2*o(m). Give i(0).
-18
Let s(n) = n**2 - 19*n - 31. Let x be s(21). Let h(y) = -x*y**2 - 2*y + 7*y**2 - 4 + 3*y**2 - y. Suppose -k - 3 = -0*k. Give h(k).
-4
Let w(a) be the third derivative of -a**6/120 - 4*a**5/15 - 5*a**3/6 - 25*a**2. Let f be w(-16). Let c(r) = r**3 + 5*r**2 + r + 5. Calculate c(f).
0
Let k(w) = w**2 + 10*w - 9. Let a = -320 + 310. Determine k(a).
-9
Let a(h) be the third derivative of -h**5/60 + 5*h**4/24 + h**3 - 122*h**2. What is a(6)?
0
Let x = -1 - 6. Let j = x - -9. Let r(v) be the first derivative of 2*v**2 - v - 155. Calculate r(j).
7
Let k(i) = 11*i. Let a(z) be the first derivative of -z**4/2 - 2*z**3/3 + z**2/2 - z + 5. Let s be a(-2). Suppose 0 = b + 4*b - s. What is k(b)?
11
Let b(n) = -2*n + 1. Let w = -87 - -91. Let l be (-1 - 0)*18/2. Let c be 12/l*(-6)/w. What is b(c)?
-3
Suppose -f = 5*v - 170, 2*v - 87 = -f - 19. Let j(s) = 13 - s - v + 22. Give j(6).
-5
Let n(i) = 2*i**2 - 6*i + 5. Let q be n(3). Suppose -b - q*a = -5, 3*a = 6*a - 6. Let c(g) = g - 6. Give c(b).
-11
Let y(i) = -19*i - 1. Suppose -19*r = 26 + 126. Let n(a) = 12*a + 1. Let b(f) = r*n(f) - 5*y(f). Suppose 3*p - 15 = -2*p. Give b(p).
-6
Suppose 8 = -2*s - 0*s. Suppose 4*f - 8 = 16. Let p(q) = -3*q**2 - 109 + 114 + q**3 + f*q**2. Give p(s).
-11
Let o(n) = n - 13. Suppose h = 4*h. Give o(h).
-13
Let i(b) be the second derivative of b**5/20 + 5*b**4/12 + b**2/2 - 167*b. Let a be -5 - -3 - (1 - 0). Determine i(a).
19
Let m be (-3)/9 - 372/(-36). Let n(s) = 3*s + 6. Calculate n(m).
36
Let v(q) = 12*q - 7. Let g = 2177 - 2175. What is v(g)?
17
Let c(w) = -9*w**2 - 5*w + 25. Let t(u) = -9*u**2 - 6*u + 30. Let x(a) = 6*c(a) - 5*t(a). Calculate x(1).
-9
Let n(m) = -m**2 + 7*m + 4. Let t(u) = 2*u**2 - 7*u - 3. Let o(c) = -3*n(c) - 2*t(c). Let h(r) = r. Let j be h(2). Suppose 28 = -2*b - j*b. Determine o(b).
-6
Let k(o) = 10*o**2 - 2*o + 1. Let r be (7 + 1)/(-2 + 4). Suppose -r*b = -5*a + 32, 4*a = -2*b + b + 13. Let v be (2/a)/(7/14). Give k(v).
9
Let o(d) be the second derivative of 0*d**3 - 1/2*d**2 + 5/6*d**4 + d + 0. Let j be (-2)/((-3)/(12/(-8))). Calculate o(j).
9
Let t(v) = 2*v + 4. Let k be t(3). Let g(w) = 4*w + 6 + 22*w**2 - 7*w - k*w**2 - 13*w**2. Give g(-5).
-4
Let v(o) be the second derivative of o**4/12 - 4*o**3/3 - o**2 + 24*o. Determine v(7).
-9
Suppose -y + b - 79 = 3*b, -4*y + b = 325. Let h be 18/y + 2/9. Let k(g) = 4*g + 5. Let m(r) = -3*r - 5. Let x(s) = 2*k(s) + 3*m(s). Give x(h).
-5
Let p(b) = b**3 - b**2 - b. Let u(d) = -7*d - 14. Let y be u(-6). Suppose -l - 25 + y = 0. Give p(l).
15
Let w be (-2)/(-3)*(-231)/(-22). Let t = 9 - w. Let q(s) = 3*s**3 - 1 + 2 + 2*s - t. What is q(1)?
4
Let a(n) = -n**2 - 6*n + 3. Let g = 38 + -35. Let s be -7 - ((-9)/g - -2). Calculate a(s).
3
Let l = -244 + 251. Let r(u) = -u**2 + 7*u - 9. Determine r(l).
-9
Let a(m) = -m - 3. Let z(d) = -3*d**2 - 7*d - 12. Let q(b) = 2*b**2 + 5*b + 8. Let s(l) = 8*q(l) + 5*z(l). Let p be s(-3). Let k be p*(-1)/2*3. Calculate a(k).
-6
Let f(j) = 5*j - 6. Let t(w) = 6*w - w - 17 + 5 + 6. Let z(r) = 7*f(r) - 6*t(r). Let l = -7 + 11. Determine z(l).
14
Let h(c) = c**3 - 27*c**2 - 31*c + 77. Let l be h(28). Let r(i) = -i**2 - 6*i + 3. What is r(l)?
-4
Let y = 704 - 705. Let r(m) = -4*m**3 - 2*m**2 - 3*m - 2. Give r(y).
3
Let h(q) = -87*q + 172*q - 86*q - 23. Determine h(-21).
-2
Suppose -c + 0*c - 5*a = -13, 5*c - 3*a = 9. Let q(v) be the first derivative of -v + 1/4*v**4 + v**2 - v**c + 4. Give q(2).
-1
Let d(r) = r**2 + 1. Let w(c) = -12*c + 176. Let l be w(15). Calculate d(l).
17
Let q(z) = -z**3 + 6*z**2 - z + 1. Let p be 12/(-8) + 11/(-2). Let x(a) = a**2 + 7*a + 8. Let j be x(p). Let d(i) = i**2 - 7*i - 2. Let c be d(j). Give q(c).
-5
Let s(v) = 3*v**2 - 8*v - 2*v**2 - 5 + 2. Let a(u) = -u + 45. Let y be a(36). Determine s(y).
6
Let f be (-2)/4*(7 - 1). Suppose 2*z + 6*z - 40 = 0. Let c(s) = z*s - 4 + s**2 - 3*s**2 - 4*s + s**2 - s**3. What is c(f)?
11
Let p(r) = r**2 - 6*r + 5. Suppose -7*h - 36 = -57. Determine p(h).
-4
Suppose l - 13 = 2*l. Let o(w) = 3*w + 2. Let g(p) = 6*p + 5. Let m(u) = l*o(u) + 6*g(u). Let v be 6/(-9)*18*1/(-4). What is m(v)?
-5
Let y(t) be the first derivative of -t**4/4 + 2*t**3/3 + 3*t**2 - 16. Let j(b) = -b**3 + 3*b**2 + 7*b + 1. Let w(a) = 5*j(a) - 6*y(a). Calculate w(-4).
-7
Let i(d) = -2*d**2 + 3*d. Let b(l) = -20*l + 42. Let j be b(2). Give i(j).
-2
Let i(l) = l**3 + 6*l**2 + 9*l + 14. Let n be i(-4). Suppose 16 = -5*y - 3*k, 4*k + 8 = -5*y - n. Let v(t) = -t**3 - t**2 + 3*t + 2. Determine v(y).
0
Let r be 3/(5/(40/12)). Let i(w) = w**2 - 3*w + 4. Give i(r).
2
Let z(g) = g**3 + 7*g**2 + 6*g + 1. Let r be (-40)/7 + (-12)/42. Give z(r).
1
Let g(n) = 3*n + 1. Let f(r) = -1. Let t(z) = 5*f(z) - g(z). Suppose -74*q + 80*q = -24. What is t(q)?
6
Suppose 0*u - 125 = u - w, 3*u = -w - 383. Let s = -119 - u. Let f(x) = -x**2 + 6*x + 1. Give f(s).
-15
Suppose 0*j + 5*j = -4*d - 8, 2*d + 4 = -4*j. Let y be -3 + (-1 - -6) + j. Let g(w) = y*w + 3 + 2*w - 2*w. Give g(-4).
-5
Let c(v) = -v + 6. Let a be c(-8). Let q(u) = -u + 1. Determine q(a).
-13
Let g = -1224 - -1224. Let b(r) be the second derivative of r**3/6 - r**2/2 - r. Calculate b(g).
-1
Let h(f) = -f**3 - 15*f**2 + 2*f + 37. Let a be h(-15). Let q(i) = -1 + a - 5*i - 9. What is q(-3)?
12
Let t(y) be the third derivative of y**4/12 - y**3/2 - 48*y**2 - 1. Determine t(-8).
-19
Let n = 15 - 14. Let d be 3 + n - 32/16. Let q(i) = -i**2 + i + 1. Calculate q(d).
